{"id":4831,"date":"2020-06-17T11:24:24","date_gmt":"2020-06-17T09:24:24","guid":{"rendered":"https:\/\/lalinea.salesianos.edu\/mjs\/?page_id=4831"},"modified":"2025-08-04T10:55:23","modified_gmt":"2025-08-04T08:55:23","slug":"cristo-vive","status":"publish","type":"page","link":"https:\/\/lalinea.salesianos.edu\/mjs\/cristo-vive\/","title":{"rendered":"Cristo Vive"},"content":{"rendered":"<div id=\"fb-root\"><\/div>\n<p>[et_pb_section fb_built=\u00bb1&#8243; fullwidth=\u00bbon\u00bb _builder_version=\u00bb4.4.2&#8243; use_background_color_gradient=\u00bbon\u00bb background_image=\u00bbhttps:\/\/lalinea.salesianos.edu\/mjs\/wp-content\/uploads\/sites\/4\/2020\/06\/fondoCJ.jpg\u00bb width=\u00bb100%\u00bb max_width=\u00bb100%\u00bb module_alignment=\u00bbcenter\u00bb min_height=\u00bb306px\u00bb height=\u00bb438px\u00bb max_height=\u00bb480px\u00bb custom_margin=\u00bb||23px|||\u00bb custom_padding=\u00bb1px|||||\u00bb hover_enabled=\u00bb0&#8243;][et_pb_fullwidth_header title=\u00bbCristo Vive\u00bb logo_image_url=\u00bbhttps:\/\/lalinea.salesianos.edu\/mjs\/wp-content\/uploads\/sites\/4\/2020\/06\/CRISTO-VIVE.jpg\u00bb image_orientation=\u00bbbottom\u00bb title_font_color=\u00bb#ffffff\u00bb disabled_on=\u00bboff|off|off\u00bb module_class=\u00bbpagina-imagen-cabecera\u00bb _builder_version=\u00bb4.4.2&#8243; title_text_align=\u00bbright\u00bb title_text_color=\u00bb#ffffff\u00bb title_font_size=\u00bb40px\u00bb content_text_align=\u00bbright\u00bb background_color=\u00bbrgba(255, 255, 255, 0)\u00bb background_enable_image=\u00bboff\u00bb background_size=\u00bbinitial\u00bb background_position=\u00bbtop_left\u00bb background_repeat=\u00bbrepeat\u00bb background_layout=\u00bblight\u00bb width=\u00bb56%\u00bb max_width=\u00bb32%\u00bb max_width_tablet=\u00bb50px\u00bb module_alignment=\u00bbright\u00bb min_height=\u00bb377px\u00bb custom_margin=\u00bb||56px||false|false\u00bb custom_padding=\u00bb14px||0px||false|false\u00bb animation_style=\u00bbfade\u00bb hover_enabled=\u00bb0&#8243; border_radii_image=\u00bbon|14px|14px|14px|14px\u00bb background_url=\u00bbhttps:\/\/alicante.salesianos.edu\/colegio\/wp-content\/uploads\/sites\/2\/2017\/03\/Archivo_003-1.jpeg\u00bb button_one_text_size__hover_enabled=\u00bboff\u00bb button_two_text_size__hover_enabled=\u00bboff\u00bb button_one_text_color__hover_enabled=\u00bboff\u00bb button_two_text_color__hover_enabled=\u00bboff\u00bb button_one_border_width__hover_enabled=\u00bboff\u00bb button_two_border_width__hover_enabled=\u00bboff\u00bb button_one_border_color__hover_enabled=\u00bboff\u00bb button_two_border_color__hover_enabled=\u00bboff\u00bb button_one_border_radius__hover_enabled=\u00bboff\u00bb button_two_border_radius__hover_enabled=\u00bboff\u00bb button_one_letter_spacing__hover_enabled=\u00bboff\u00bb button_two_letter_spacing__hover_enabled=\u00bboff\u00bb button_one_bg_color__hover_enabled=\u00bboff\u00bb button_two_bg_color__hover_enabled=\u00bboff\u00bb box_shadow_style_image=\u00bbpreset7&#8243; box_shadow_horizontal_image=\u00bb39px\u00bb box_shadow_vertical_image=\u00bb27px\u00bb box_shadow_blur_image=\u00bb26px\u00bb box_shadow_spread_image=\u00bb14px\u00bb content_max_width=\u00bb40%\u00bb title_text_shadow_style=\u00bbpreset5&#8243;][\/et_pb_fullwidth_header][\/et_pb_section][et_pb_section fb_built=\u00bb1&#8243; module_class=\u00bbpagina-seccion-contenido\u00bb _builder_version=\u00bb3.22&#8243; custom_padding=\u00bb0px|0px||\u00bb][et_pb_row module_class=\u00bbpagina-texto\u00bb _builder_version=\u00bb3.25&#8243; background_size=\u00bbinitial\u00bb background_position=\u00bbtop_left\u00bb background_repeat=\u00bbrepeat\u00bb custom_margin=\u00bb25px|||\u00bb custom_padding=\u00bb25px|||\u00bb][et_pb_column type=\u00bb4_4&#8243; _builder_version=\u00bb3.25&#8243; custom_padding=\u00bb|||\u00bb custom_padding__hover=\u00bb|||\u00bb][et_pb_text _builder_version=\u00bb4.4.2&#8243;]<\/p>\n<h1><strong>CRISTO VIVE \u2013 ITINERARIO DE EDUCACI\u00d3N EN LA FE<\/strong><\/h1>\n<h1>\u200b<\/h1>\n<p>[\/et_pb_text][et_pb_text _builder_version=\u00bb4.4.2&#8243; background_size=\u00bbinitial\u00bb background_position=\u00bbtop_left\u00bb background_repeat=\u00bbrepeat\u00bb]<\/p>\n<p>El Movimiento Juvenil \u201cCRISTO VIVE\u201d\u00a0es un itinerario de educaci\u00f3n en la fe para los ni\u00f1os y j\u00f3venes de la Inspector\u00eda Salesiana \u201cMar\u00eda Auxiliadora\u201d, el cual les ofrece la oportunidad de seguir un camino de maduraci\u00f3n humana y cristiana seg\u00fan el estilo de Don Bosco. Los grupos de fe atienden a j\u00f3venes desde su primera comuni\u00f3n hasta la edad adolescente madura. \u00a0<\/p>\n<p>[\/et_pb_text][\/et_pb_column][\/et_pb_row][et_pb_row column_structure=\u00bb1_4,1_4,1_4,1_4&#8243; module_class=\u00bbpagina-texto\u00bb _builder_version=\u00bb3.25&#8243; background_size=\u00bbinitial\u00bb background_position=\u00bbtop_left\u00bb background_repeat=\u00bbrepeat\u00bb custom_margin=\u00bb25px|||\u00bb custom_padding=\u00bb25px|||\u00bb][et_pb_column type=\u00bb1_4&#8243; _builder_version=\u00bb3.25&#8243; custom_padding=\u00bb|||\u00bb custom_padding__hover=\u00bb|||\u00bb][et_pb_cta title=\u00bbMovimiento\u00bb _builder_version=\u00bb4.4.2&#8243; header_level=\u00bbh4&#8243; header_font=\u00bbAmatic SC||||\u00bb header_font_size=\u00bb45px\u00bb body_font_size=\u00bb15px\u00bb background_color=\u00bbrgba(237,16,57,0.9)\u00bb background_image=\u00bbhttps:\/\/alicante.salesianos.edu\/centrojuvenil\/wp-content\/uploads\/sites\/4\/2017\/08\/ajdb_19-min.jpg\u00bb background_blend=\u00bbsoft-light\u00bb button_text_size__hover_enabled=\u00bboff\u00bb button_one_text_size__hover_enabled=\u00bboff\u00bb button_two_text_size__hover_enabled=\u00bboff\u00bb button_text_color__hover_enabled=\u00bboff\u00bb button_one_text_color__hover_enabled=\u00bboff\u00bb button_two_text_color__hover_enabled=\u00bboff\u00bb button_border_width__hover_enabled=\u00bboff\u00bb button_one_border_width__hover_enabled=\u00bboff\u00bb button_two_border_width__hover_enabled=\u00bboff\u00bb button_border_color__hover_enabled=\u00bboff\u00bb button_one_border_color__hover_enabled=\u00bboff\u00bb button_two_border_color__hover_enabled=\u00bboff\u00bb button_border_radius__hover_enabled=\u00bboff\u00bb button_one_border_radius__hover_enabled=\u00bboff\u00bb button_two_border_radius__hover_enabled=\u00bboff\u00bb button_letter_spacing__hover_enabled=\u00bboff\u00bb button_one_letter_spacing__hover_enabled=\u00bboff\u00bb button_two_letter_spacing__hover_enabled=\u00bboff\u00bb button_bg_color__hover_enabled=\u00bboff\u00bb button_one_bg_color__hover_enabled=\u00bboff\u00bb button_two_bg_color__hover_enabled=\u00bboff\u00bb]<\/p>\n<p>Somos una asociaci\u00f3n formada por j\u00f3venes que fomenta la participaci\u00f3n en primera persona y con los dem\u00e1s siguiendo\u00a0una metodolog\u00eda\u00a0definida en el Itinerario de Educaci\u00f3n en la Fe.<\/p>\n<p>[\/et_pb_cta][\/et_pb_column][et_pb_column type=\u00bb1_4&#8243; _builder_version=\u00bb3.25&#8243; custom_padding=\u00bb|||\u00bb custom_padding__hover=\u00bb|||\u00bb][et_pb_cta title=\u00bbSalesiano\u00bb _builder_version=\u00bb4.4.2&#8243; header_font=\u00bbAmatic SC||||\u00bb header_font_size=\u00bb45px\u00bb body_font_size=\u00bb15px\u00bb background_color=\u00bbrgba(237,16,57,0.9)\u00bb background_image=\u00bbhttps:\/\/alicante.salesianos.edu\/centrojuvenil\/wp-content\/uploads\/sites\/4\/2017\/07\/Tucuman_7_5.jpg\u00bb background_blend=\u00bbsoft-light\u00bb button_text_size__hover_enabled=\u00bboff\u00bb button_one_text_size__hover_enabled=\u00bboff\u00bb button_two_text_size__hover_enabled=\u00bboff\u00bb button_text_color__hover_enabled=\u00bboff\u00bb button_one_text_color__hover_enabled=\u00bboff\u00bb button_two_text_color__hover_enabled=\u00bboff\u00bb button_border_width__hover_enabled=\u00bboff\u00bb button_one_border_width__hover_enabled=\u00bboff\u00bb button_two_border_width__hover_enabled=\u00bboff\u00bb button_border_color__hover_enabled=\u00bboff\u00bb button_one_border_color__hover_enabled=\u00bboff\u00bb button_two_border_color__hover_enabled=\u00bboff\u00bb button_border_radius__hover_enabled=\u00bboff\u00bb button_one_border_radius__hover_enabled=\u00bboff\u00bb button_two_border_radius__hover_enabled=\u00bboff\u00bb button_letter_spacing__hover_enabled=\u00bboff\u00bb button_one_letter_spacing__hover_enabled=\u00bboff\u00bb button_two_letter_spacing__hover_enabled=\u00bboff\u00bb button_bg_color__hover_enabled=\u00bboff\u00bb button_one_bg_color__hover_enabled=\u00bboff\u00bb button_two_bg_color__hover_enabled=\u00bboff\u00bb]<\/p>\n<p>Educa a trav\u00e9s del sistema preventivo de Don Bosco y parte de su educaci\u00f3n a trav\u00e9s del coraz\u00f3n como parte del proyecto que Don Bosco dej\u00f3 para el servicio a los j\u00f3venes.<\/p>\n<p>[\/et_pb_cta][\/et_pb_column][et_pb_column type=\u00bb1_4&#8243; _builder_version=\u00bb3.25&#8243; custom_padding=\u00bb|||\u00bb custom_padding__hover=\u00bb|||\u00bb][et_pb_cta title=\u00bbVocacional\u00bb button_url=\u00bbhttps:\/\/alicante.salesianos.edu\/colegio\/sistema-preventivo\/\u00bb _builder_version=\u00bb4.4.2&#8243; header_font=\u00bbAmatic SC||||\u00bb header_font_size=\u00bb45px\u00bb body_font_size=\u00bb15px\u00bb background_color=\u00bbrgba(237,16,57,0.9)\u00bb background_image=\u00bbhttps:\/\/alicante.salesianos.edu\/wp-content\/uploads\/2017\/05\/noticia_casa_17_04_17_vigiliapascual.jpg\u00bb background_blend=\u00bbsoft-light\u00bb button_text_size__hover_enabled=\u00bboff\u00bb button_one_text_size__hover_enabled=\u00bboff\u00bb button_two_text_size__hover_enabled=\u00bboff\u00bb button_text_color__hover_enabled=\u00bboff\u00bb button_one_text_color__hover_enabled=\u00bboff\u00bb button_two_text_color__hover_enabled=\u00bboff\u00bb button_border_width__hover_enabled=\u00bboff\u00bb button_one_border_width__hover_enabled=\u00bboff\u00bb button_two_border_width__hover_enabled=\u00bboff\u00bb button_border_color__hover_enabled=\u00bboff\u00bb button_one_border_color__hover_enabled=\u00bboff\u00bb button_two_border_color__hover_enabled=\u00bboff\u00bb button_border_radius__hover_enabled=\u00bboff\u00bb button_one_border_radius__hover_enabled=\u00bboff\u00bb button_two_border_radius__hover_enabled=\u00bboff\u00bb button_letter_spacing__hover_enabled=\u00bboff\u00bb button_one_letter_spacing__hover_enabled=\u00bboff\u00bb button_two_letter_spacing__hover_enabled=\u00bboff\u00bb button_bg_color__hover_enabled=\u00bboff\u00bb button_one_bg_color__hover_enabled=\u00bboff\u00bb button_two_bg_color__hover_enabled=\u00bboff\u00bb]<\/p>\n<p>Desarrolla el papel personal de cada uno dentro de la vida cristiana en comuni\u00f3n con Dios.<\/p>\n<p>[\/et_pb_cta][\/et_pb_column][et_pb_column type=\u00bb1_4&#8243; _builder_version=\u00bb3.25&#8243; custom_padding=\u00bb|||\u00bb custom_padding__hover=\u00bb|||\u00bb][et_pb_cta title=\u00bbJuvenil\u00bb button_url=\u00bbhttps:\/\/alicante.salesianos.edu\/colegio\/sistema-preventivo\/\u00bb _builder_version=\u00bb4.4.2&#8243; header_font=\u00bbAmatic SC||||\u00bb header_font_size=\u00bb45px\u00bb body_font_size=\u00bb15px\u00bb background_color=\u00bbrgba(237,16,57,0.9)\u00bb background_image=\u00bbhttps:\/\/alicante.salesianos.edu\/wp-content\/uploads\/2017\/07\/3.jpg\u00bb background_blend=\u00bbsoft-light\u00bb border_style=\u00bbsolid\u00bb button_letter_spacing_hover=\u00bb0&#8243; button_text_size__hover_enabled=\u00bboff\u00bb button_one_text_size__hover_enabled=\u00bboff\u00bb button_two_text_size__hover_enabled=\u00bboff\u00bb button_text_color__hover_enabled=\u00bboff\u00bb button_one_text_color__hover_enabled=\u00bboff\u00bb button_two_text_color__hover_enabled=\u00bboff\u00bb button_border_width__hover_enabled=\u00bboff\u00bb button_one_border_width__hover_enabled=\u00bboff\u00bb button_two_border_width__hover_enabled=\u00bboff\u00bb button_border_color__hover_enabled=\u00bboff\u00bb button_one_border_color__hover_enabled=\u00bboff\u00bb button_two_border_color__hover_enabled=\u00bboff\u00bb button_border_radius__hover_enabled=\u00bboff\u00bb button_one_border_radius__hover_enabled=\u00bboff\u00bb button_two_border_radius__hover_enabled=\u00bboff\u00bb button_letter_spacing__hover_enabled=\u00bbon\u00bb button_letter_spacing__hover=\u00bb0&#8243; button_one_letter_spacing__hover_enabled=\u00bboff\u00bb button_two_letter_spacing__hover_enabled=\u00bboff\u00bb button_bg_color__hover_enabled=\u00bboff\u00bb button_one_bg_color__hover_enabled=\u00bboff\u00bb button_two_bg_color__hover_enabled=\u00bboff\u00bb]<\/p>\n<p>La edad de los destinatarios est\u00e1 entre los 8 a los 25 a\u00f1os comenzando su camino de Fe con la formaci\u00f3n catequ\u00e9tica a la primera comuni\u00f3n. La mayor\u00eda de sus animadores son los mismos j\u00f3venes que est\u00e1n comprometidos con el Itinerario de Educaci\u00f3n en la Fe y quieren transmitirlo a las generaciones siguientes a trav\u00e9s de su propia experiencia.<\/p>\n<p>[\/et_pb_cta][\/et_pb_column][\/et_pb_row][et_pb_row disabled_on=\u00bboff|off|off\u00bb _builder_version=\u00bb3.25&#8243;][et_pb_column type=\u00bb4_4&#8243; _builder_version=\u00bb3.25&#8243; custom_padding=\u00bb|||\u00bb custom_padding__hover=\u00bb|||\u00bb][et_pb_text _builder_version=\u00bb4.4.2&#8243; text_font=\u00bb|on|||\u00bb text_text_color=\u00bb#e02b20&#8243; text_font_size=\u00bb32px\u00bb]<\/p>\n<h1>Actividades<\/h1>\n<p>[\/et_pb_text][\/et_pb_column][\/et_pb_row][et_pb_row column_structure=\u00bb1_4,1_4,1_4,1_4&#8243; disabled_on=\u00bboff|off|off\u00bb _builder_version=\u00bb3.25&#8243; custom_padding=\u00bb0px|0px|25px|0px\u00bb][et_pb_column type=\u00bb1_4&#8243; _builder_version=\u00bb3.25&#8243; custom_padding=\u00bb|||\u00bb custom_padding__hover=\u00bb|||\u00bb][et_pb_blurb title=\u00bbReuniones\u00bb url=\u00bbhttps:\/\/lalinea.salesianos.edu\/mjs\/pastoral-de-la-casa\/\u00bb image_max_width=\u00bb180px\u00bb _builder_version=\u00bb4.4.2&#8243; header_font=\u00bb||||\u00bb header_font_size=\u00bb20px\u00bb body_font_size=\u00bb16px\u00bb text_orientation=\u00bbcenter\u00bb hover_enabled=\u00bb0&#8243; image=\u00bbhttps:\/\/lalinea.salesianos.edu\/mjs\/wp-content\/uploads\/sites\/4\/2020\/06\/reuniones.jpg\u00bb]<\/p>\n<p>Todos los viernes a las 17:00h<\/p>\n<p>[\/et_pb_blurb][\/et_pb_column][et_pb_column type=\u00bb1_4&#8243; _builder_version=\u00bb3.25&#8243; custom_padding=\u00bb|||\u00bb custom_padding__hover=\u00bb|||\u00bb][et_pb_blurb title=\u00bbCelebraciones\u00bb url=\u00bbhttps:\/\/lalinea.salesianos.edu\/mjs\/acuarela\u00bb _builder_version=\u00bb4.4.2&#8243; header_font=\u00bb||||\u00bb header_font_size=\u00bb20px\u00bb text_orientation=\u00bbcenter\u00bb max_width_tablet=\u00bb50px\u00bb hover_enabled=\u00bb0&#8243; image=\u00bbhttps:\/\/lalinea.salesianos.edu\/mjs\/wp-content\/uploads\/sites\/4\/2020\/06\/celebraciones.jpg\u00bb content_max_width=\u00bb497px\u00bb width=\u00bb73%\u00bb custom_margin=\u00bb|-151px||||\u00bb custom_padding=\u00bb|0px||||\u00bb]<\/p>\n<p>Celebraciones de la fe a lo largo del a\u00f1o lit\u00fargico.<\/p>\n<p>[\/et_pb_blurb][\/et_pb_column][et_pb_column type=\u00bb1_4&#8243; _builder_version=\u00bb3.25&#8243; custom_padding=\u00bb|||\u00bb custom_padding__hover=\u00bb|||\u00bb][et_pb_blurb title=\u00bbConvivencias\u00bb _builder_version=\u00bb4.4.2&#8243; header_font=\u00bb||||\u00bb header_font_size=\u00bb20px\u00bb text_orientation=\u00bbcenter\u00bb max_width_tablet=\u00bb50px\u00bb hover_enabled=\u00bb0&#8243; image=\u00bbhttps:\/\/lalinea.salesianos.edu\/mjs\/wp-content\/uploads\/sites\/4\/2020\/06\/convivencias.jpg\u00bb image_max_width=\u00bb73%\u00bb content_max_width=\u00bb574px\u00bb max_width=\u00bb100%\u00bb module_alignment=\u00bbcenter\u00bb custom_padding=\u00bb|||0px||\u00bb custom_margin=\u00bb|||17px||\u00bb]<\/p>\n<p>Campamentos y convivencias dentro y fuera de la casa salesiana interactuando con j\u00f3venes de otros centros juveniles.<\/p>\n<p>[\/et_pb_blurb][\/et_pb_column][et_pb_column type=\u00bb1_4&#8243; _builder_version=\u00bb3.25&#8243; custom_padding=\u00bb|||\u00bb custom_padding__hover=\u00bb|||\u00bb][et_pb_blurb title=\u00bbPeregrinaciones\u00bb _builder_version=\u00bb4.4.2&#8243; header_font=\u00bb||||\u00bb header_font_size=\u00bb20px\u00bb text_orientation=\u00bbcenter\u00bb max_width_tablet=\u00bb50px\u00bb hover_enabled=\u00bb0&#8243; image=\u00bbhttps:\/\/lalinea.salesianos.edu\/mjs\/wp-content\/uploads\/sites\/4\/2020\/06\/peregrinaciones.jpg\u00bb image_max_width=\u00bb73%\u00bb]<\/p>\n<p>Ejercicios espirituales y peregrinaciones a lugares salesianos y eclesiales.<\/p>\n<p>[\/et_pb_blurb][\/et_pb_column][\/et_pb_row][et_pb_row column_structure=\u00bb1_3,1_3,1_3&#8243; disabled_on=\u00bboff|off|off\u00bb _builder_version=\u00bb3.25&#8243; custom_padding=\u00bb0px|0px|25px|0px\u00bb][et_pb_column type=\u00bb1_3&#8243; _builder_version=\u00bb3.25&#8243; custom_padding=\u00bb|||\u00bb custom_padding__hover=\u00bb|||\u00bb][et_pb_blurb title=\u00bbSolidarios\u00bb _builder_version=\u00bb4.4.2&#8243; header_font=\u00bb||||\u00bb header_font_size=\u00bb20px\u00bb text_orientation=\u00bbcenter\u00bb max_width_tablet=\u00bb50px\u00bb hover_enabled=\u00bb0&#8243; image=\u00bbhttps:\/\/lalinea.salesianos.edu\/mjs\/wp-content\/uploads\/sites\/4\/2020\/06\/solidarios.jpg\u00bb image_max_width=\u00bb56%\u00bb]<\/p>\n<p>Actividades de compromiso por los j\u00f3venes, especialmente con los m\u00e1s necesitados.<\/p>\n<p>[\/et_pb_blurb][\/et_pb_column][et_pb_column type=\u00bb1_3&#8243; _builder_version=\u00bb3.25&#8243; custom_padding=\u00bb|||\u00bb custom_padding__hover=\u00bb|||\u00bb][et_pb_blurb title=\u00bbEncuentros\u00bb _builder_version=\u00bb4.4.2&#8243; header_font=\u00bb||||\u00bb header_font_size=\u00bb20px\u00bb text_orientation=\u00bbcenter\u00bb max_width_tablet=\u00bb50px\u00bb hover_enabled=\u00bb0&#8243; image=\u00bbhttps:\/\/lalinea.salesianos.edu\/mjs\/wp-content\/uploads\/sites\/4\/2020\/06\/encuentros.jpg\u00bb image_max_width=\u00bb56%\u00bb]<\/p>\n<p>Encuentros locales e inspectoriales donde vivir y fomentar el sentido de pertenencia a un grupo.<\/p>\n<p>[\/et_pb_blurb][\/et_pb_column][et_pb_column type=\u00bb1_3&#8243; _builder_version=\u00bb3.25&#8243; custom_padding=\u00bb|||\u00bb custom_padding__hover=\u00bb|||\u00bb][et_pb_blurb title=\u00bbPascua\u00bb _builder_version=\u00bb4.4.2&#8243; header_font=\u00bb||||\u00bb header_font_size=\u00bb20px\u00bb text_orientation=\u00bbcenter\u00bb max_width_tablet=\u00bb50px\u00bb hover_enabled=\u00bb0&#8243; image=\u00bbhttps:\/\/lalinea.salesianos.edu\/mjs\/wp-content\/uploads\/sites\/4\/2020\/06\/pascua.jpg\u00bb image_max_width=\u00bb55%\u00bb]<\/p>\n<p>Celebraciones juveniles de la\u00a0Pascua, donde se vive y celebra la Fe muy intensamente.<\/p>\n<p>[\/et_pb_blurb][\/et_pb_column][\/et_pb_row][\/et_pb_section]<\/p>\n","protected":false},"excerpt":{"rendered":"<p>CRISTO VIVE \u2013 ITINERARIO DE EDUCACI\u00d3N EN LA FE \u200bEl Movimiento Juvenil \u201cCRISTO VIVE\u201d\u00a0es un itinerario de educaci\u00f3n en la fe para los ni\u00f1os y j\u00f3venes de la Inspector\u00eda Salesiana \u201cMar\u00eda Auxiliadora\u201d, el cual les ofrece la oportunidad de seguir un camino de maduraci\u00f3n humana y cristiana seg\u00fan el estilo de Don Bosco. Los grupos [&hellip;]<\/p>\n","protected":false},"author":2,"featured_media":0,"parent":0,"menu_order":0,"comment_status":"closed","ping_status":"closed","template":"","meta":{"_et_pb_use_builder":"on","_et_pb_old_content":"","_et_gb_content_width":"","footnotes":""},"class_list":["post-4831","page","type-page","status-publish","hentry"],"yoast_head":"<!-- This site is optimized with the Yoast SEO plugin v27.4 - https:\/\/yoast.com\/product\/yoast-seo-wordpress\/ -->\n<title>Cristo Vive - Centro Juvenil Acuarela<\/title>\n<meta name=\"robots\" content=\"index, follow, max-snippet:-1, max-image-preview:large, max-video-preview:-1\" \/>\n<link rel=\"canonical\" href=\"https:\/\/lalinea.salesianos.edu\/mjs\/cristo-vive\/\" \/>\n<meta property=\"og:locale\" content=\"es_ES\" \/>\n<meta property=\"og:type\" content=\"article\" \/>\n<meta property=\"og:title\" content=\"Cristo Vive - Centro Juvenil Acuarela\" \/>\n<meta property=\"og:description\" content=\"CRISTO VIVE \u2013 ITINERARIO DE EDUCACI\u00d3N EN LA FE \u200bEl Movimiento Juvenil \u201cCRISTO VIVE\u201d\u00a0es un itinerario de educaci\u00f3n en la fe para los ni\u00f1os y j\u00f3venes de la Inspector\u00eda Salesiana \u201cMar\u00eda Auxiliadora\u201d, el cual les ofrece la oportunidad de seguir un camino de maduraci\u00f3n humana y cristiana seg\u00fan el estilo de Don Bosco. Los grupos [&hellip;]\" \/>\n<meta property=\"og:url\" content=\"https:\/\/lalinea.salesianos.edu\/mjs\/cristo-vive\/\" \/>\n<meta property=\"og:site_name\" content=\"Centro Juvenil Acuarela\" \/>\n<meta property=\"article:modified_time\" content=\"2025-08-04T08:55:23+00:00\" \/>\n<meta name=\"twitter:card\" content=\"summary_large_image\" \/>\n<meta name=\"twitter:label1\" content=\"Tiempo de lectura\" \/>\n\t<meta name=\"twitter:data1\" content=\"10 minutos\" \/>\n<script type=\"application\/ld+json\" class=\"yoast-schema-graph\">{\"@context\":\"https:\\\/\\\/schema.org\",\"@graph\":[{\"@type\":\"WebPage\",\"@id\":\"https:\\\/\\\/lalinea.salesianos.edu\\\/mjs\\\/cristo-vive\\\/\",\"url\":\"https:\\\/\\\/lalinea.salesianos.edu\\\/mjs\\\/cristo-vive\\\/\",\"name\":\"Cristo Vive - Centro Juvenil Acuarela\",\"isPartOf\":{\"@id\":\"https:\\\/\\\/lalinea.salesianos.edu\\\/mjs\\\/#website\"},\"datePublished\":\"2020-06-17T09:24:24+00:00\",\"dateModified\":\"2025-08-04T08:55:23+00:00\",\"breadcrumb\":{\"@id\":\"https:\\\/\\\/lalinea.salesianos.edu\\\/mjs\\\/cristo-vive\\\/#breadcrumb\"},\"inLanguage\":\"es\",\"potentialAction\":[{\"@type\":\"ReadAction\",\"target\":[\"https:\\\/\\\/lalinea.salesianos.edu\\\/mjs\\\/cristo-vive\\\/\"]}]},{\"@type\":\"BreadcrumbList\",\"@id\":\"https:\\\/\\\/lalinea.salesianos.edu\\\/mjs\\\/cristo-vive\\\/#breadcrumb\",\"itemListElement\":[{\"@type\":\"ListItem\",\"position\":1,\"name\":\"Portada\",\"item\":\"https:\\\/\\\/lalinea.salesianos.edu\\\/mjs\\\/\"},{\"@type\":\"ListItem\",\"position\":2,\"name\":\"Cristo Vive\"}]},{\"@type\":\"WebSite\",\"@id\":\"https:\\\/\\\/lalinea.salesianos.edu\\\/mjs\\\/#website\",\"url\":\"https:\\\/\\\/lalinea.salesianos.edu\\\/mjs\\\/\",\"name\":\"Centro Juvenil Acuarela\",\"description\":\"P\u00e1gina oficial Salesianos La L\u00ednea de la Concepci\u00f3n\",\"potentialAction\":[{\"@type\":\"SearchAction\",\"target\":{\"@type\":\"EntryPoint\",\"urlTemplate\":\"https:\\\/\\\/lalinea.salesianos.edu\\\/mjs\\\/?s={search_term_string}\"},\"query-input\":{\"@type\":\"PropertyValueSpecification\",\"valueRequired\":true,\"valueName\":\"search_term_string\"}}],\"inLanguage\":\"es\"}]}<\/script>\n<!-- \/ Yoast SEO plugin. -->","yoast_head_json":{"title":"Cristo Vive - Centro Juvenil Acuarela","robots":{"index":"index","follow":"follow","max-snippet":"max-snippet:-1","max-image-preview":"max-image-preview:large","max-video-preview":"max-video-preview:-1"},"canonical":"https:\/\/lalinea.salesianos.edu\/mjs\/cristo-vive\/","og_locale":"es_ES","og_type":"article","og_title":"Cristo Vive - Centro Juvenil Acuarela","og_description":"CRISTO VIVE \u2013 ITINERARIO DE EDUCACI\u00d3N EN LA FE \u200bEl Movimiento Juvenil \u201cCRISTO VIVE\u201d\u00a0es un itinerario de educaci\u00f3n en la fe para los ni\u00f1os y j\u00f3venes de la Inspector\u00eda Salesiana \u201cMar\u00eda Auxiliadora\u201d, el cual les ofrece la oportunidad de seguir un camino de maduraci\u00f3n humana y cristiana seg\u00fan el estilo de Don Bosco. Los grupos [&hellip;]","og_url":"https:\/\/lalinea.salesianos.edu\/mjs\/cristo-vive\/","og_site_name":"Centro Juvenil Acuarela","article_modified_time":"2025-08-04T08:55:23+00:00","twitter_card":"summary_large_image","twitter_misc":{"Tiempo de lectura":"10 minutos"},"schema":{"@context":"https:\/\/schema.org","@graph":[{"@type":"WebPage","@id":"https:\/\/lalinea.salesianos.edu\/mjs\/cristo-vive\/","url":"https:\/\/lalinea.salesianos.edu\/mjs\/cristo-vive\/","name":"Cristo Vive - Centro Juvenil Acuarela","isPartOf":{"@id":"https:\/\/lalinea.salesianos.edu\/mjs\/#website"},"datePublished":"2020-06-17T09:24:24+00:00","dateModified":"2025-08-04T08:55:23+00:00","breadcrumb":{"@id":"https:\/\/lalinea.salesianos.edu\/mjs\/cristo-vive\/#breadcrumb"},"inLanguage":"es","potentialAction":[{"@type":"ReadAction","target":["https:\/\/lalinea.salesianos.edu\/mjs\/cristo-vive\/"]}]},{"@type":"BreadcrumbList","@id":"https:\/\/lalinea.salesianos.edu\/mjs\/cristo-vive\/#breadcrumb","itemListElement":[{"@type":"ListItem","position":1,"name":"Portada","item":"https:\/\/lalinea.salesianos.edu\/mjs\/"},{"@type":"ListItem","position":2,"name":"Cristo Vive"}]},{"@type":"WebSite","@id":"https:\/\/lalinea.salesianos.edu\/mjs\/#website","url":"https:\/\/lalinea.salesianos.edu\/mjs\/","name":"Centro Juvenil Acuarela","description":"P\u00e1gina oficial Salesianos La L\u00ednea de la Concepci\u00f3n","potentialAction":[{"@type":"SearchAction","target":{"@type":"EntryPoint","urlTemplate":"https:\/\/lalinea.salesianos.edu\/mjs\/?s={search_term_string}"},"query-input":{"@type":"PropertyValueSpecification","valueRequired":true,"valueName":"search_term_string"}}],"inLanguage":"es"}]}},"_links":{"self":[{"href":"https:\/\/lalinea.salesianos.edu\/mjs\/wp-json\/wp\/v2\/pages\/4831","targetHints":{"allow":["GET"]}}],"collection":[{"href":"https:\/\/lalinea.salesianos.edu\/mjs\/wp-json\/wp\/v2\/pages"}],"about":[{"href":"https:\/\/lalinea.salesianos.edu\/mjs\/wp-json\/wp\/v2\/types\/page"}],"author":[{"embeddable":true,"href":"https:\/\/lalinea.salesianos.edu\/mjs\/wp-json\/wp\/v2\/users\/2"}],"replies":[{"embeddable":true,"href":"https:\/\/lalinea.salesianos.edu\/mjs\/wp-json\/wp\/v2\/comments?post=4831"}],"version-history":[{"count":17,"href":"https:\/\/lalinea.salesianos.edu\/mjs\/wp-json\/wp\/v2\/pages\/4831\/revisions"}],"predecessor-version":[{"id":4906,"href":"https:\/\/lalinea.salesianos.edu\/mjs\/wp-json\/wp\/v2\/pages\/4831\/revisions\/4906"}],"wp:attachment":[{"href":"https:\/\/lalinea.salesianos.edu\/mjs\/wp-json\/wp\/v2\/media?parent=4831"}],"curies":[{"name":"wp","href":"https:\/\/api.w.org\/{rel}","templated":true}]}}